+ 46 = -3*p, 0*p + p + 3*g = -22. Let z = p + 10. Suppose -q = 4*f - 17, -5*f = -z*q + 8*q - 25. What is w(q)?
0
Let j(a) = a + 2. Let p(l) = -3*l - 9. Let y(z) = -18*j(z) - 4*p(z). Determine y(2).
-12
Let o(y) = -y**3 + 6*y**2 + 6. Let i(v) = -4*v - 2. Suppose -35 = 5*n - 5*s, 4*n + s - 1 = 2*n. Let p be i(n). What is o(p)?
6
Let y(j) = j**2 - 5*j - 10. Suppose 7 + 2 = c + n, c - 4*n - 4 = 0. Let g = 15 - c. Let o be y(g). Let h(f) = f**3 - 4*f**2 + f - 4. What is h(o)?
0
Let h = 6 - 2. Let n = 0 - -3. Let s(z) = 7 + 0*z**2 - 2 - z**2 + n*z + 0*z. What is s(h)?
1
Let q(f) = f**3 + 4*f**2 - 3*f + 2. Suppose -27 = 3*w + 4*p, -2*w + 5 = -5*p - 0. What is q(w)?
-8
Let f(j) = -j - 14. Let i be f(0). Let z(u) = -10*u - 7. Let y(p) = -3*p - 2. Let b(v) = i*y(v) + 4*z(v). Calculate b(-1).
-2
Let i(h) = -h**3 - 3*h**2 - 3*h + 3. Let j(x) = -x**3 + 1. Let s(z) = i(z) - 2*j(z). Suppose 16 = 8*d - 4*d. Let r be (7 - d) + (-1 - -2). Calculate s(r).
5
Let y(g) = -2*g**2 + 3*g + 2. Let u(i) = 3*i**2 - 6*i - 4. Let r(c) = -3*u(c) - 5*y(c). Suppose -14 = -13*n + 20*n. Determine r(n).
0
Let x(k) = -k**3 - 3*k**2 - 2. Let s(q) = -q**3 + 6*q**2 - q + 7. Let w be s(6). Let i(g) = 4*g + w + 4*g**2 + 2 - 2 + g**3. Let d be i(-3). What is x(d)?
-6
Suppose 4*m + 0*m + 8 = 0. Let q(v) = 36*v - 22. Let l(z) = 5*z - 3. Let f(w) = 44*l(w) - 6*q(w). What is f(m)?
-8
Let b be (-3)/24*-4*2. Let x(h) = -11*h + 1. Give x(b).
-10
Let g be (-3)/2*272/(-24). Let f = g - 15. Let z(w) be the first derivative of -w**3 + 3*w**2/2 + 1. Determine z(f).
-6
Let v(j) = -2*j**2 + 4*j + 2. Let o be (-4 - 0) + 1 + 2. Let k(x) = x**2 - x + 1. Let u(p) = o*k(p) - v(p). Give u(4).
1
Let g(m) = 15*m**2 + 5*m**2 + 2 - 8*m**2 - m - 1 - 6*m**2. Suppose -5*x + 6 = 1. Calculate g(x).
6
Let j(r) = -3*r - 3. Let o(t) = t**2 - 2*t. Let d be o(3). Let f = -5 + d. Let v = f - 1. What is j(v)?
6
Let a(n) = 4*n - 2. Let g(m) = -4*m + 1. Let q(k) = 2*a(k) + 3*g(k). Calculate q(-1).
3
Let h(b) be the third derivative of -b**9/12096 + b**8/20160 - b**7/5040 - b**5/30 - b**2. Let y(l) be the third derivative of h(l). Determine y(1).
-5
Let l(k) be the second derivative of 1/20*k**5 + 3/2*k**2 - 1/3*k**3 + 1/4*k**4 - k + 0. Calculate l(-3).
9
Let v(b) = 8*b - 3. Let y = -203 + 200. What is v(y)?
-27
Let q = -9 + 10. Let g(i) = -i**3 + i**2 - i - 1. Let y(s) = -5*s**3 + 6*s**2 - 7*s - 5. Let w(u) = q*y(u) - 6*g(u). Determine w(2).
7
Let a(k) = k - 3*k - 149 + 148. Determine a(-2).
3
Let s(w) = -5*w**3 - w**2 + 4. Let i(o) = -o**2. Let b(f) = 11*f**3 - f**2 - 9. Let k(p) = b(p) - 3*i(p). Let l(r) = 4*k(r) + 9*s(r). Calculate l(-1).
0
Let i(x) be the first derivative of 4*x**3/3 + x**2 + x + 1. Let g(z) = 2 + 4 + z**2 + 3 + 10*z - 1. Let p be g(-9). Give i(p).
3
Let f(z) = 5*z**3 - 3*z**2 - 3*z - 7. Let r(d) = d**3 - 1 + 2*d + 0*d - 2*d. Let b(x) = -f(x) + 6*r(x). Determine b(-2).
-1
Let n(u) = u**3 + 6*u**2 + 7*u + 3. Let l = 14 - 12. Suppose -o + 20 = -3*o - l*d, -5*d = 4*o + 45. Give n(o).
-7
Let m(k) be the first derivative of k**2/2 + 22*k - 7. Give m(-9).
13
Let r(u) be the first derivative of -1/3*u**3 + 3/2*u**2 + 7*u + 4. Give r(5).
-3
Let h(i) = -i**2 - 9*i - 8. Let o be (-4 - (-72)/15)/(3/(-30)). What is h(o)?
0
Let i(l) = 5*l**2 + 0 + 3 + 6*l + 2 - l**3 + 2. Let o be i(6). Let x(d) = 5*d + 4*d**2 - d + d**3 + o - 2*d - 5*d. Calculate x(-5).
-3
Let l(m) be the first derivative of m**3/3 + 3*m**2 + m - 39. What is l(-5)?
-4
Let d(f) = 7*f - 3. Let o be -2 + (7 - (3 - 0)). Give d(o).
11
Let x(z) = -z + 1. Let d(f) = -f**2 - 5*f. Let q be d(-4). Let o(w) = -q*w - 2 - 2*w - 1 + w**2. Let m be o(6). Give x(m).
4
Suppose -6 = t - 2*t. Suppose m = -m + t. Suppose -f + i + 8 = -m*f, -2*i - 12 = 2*f. Let z(h) = -h. Calculate z(f).
2
Suppose -4 = 8*l - 44. Let g(w) = w**3 - 4*w**2 - 6*w - 6. Give g(l).
-11
Let d(u) be the second derivative of u**7/168 + u**6/180 - u**5/120 - u**3 + 4*u. Let v(l) be the second derivative of d(l). Determine v(1).
6
Let m(q) = 6*q - 9. Suppose 0 = 4*b - b + 33. Let k(o) = -o + 2. Let c(y) = b*k(y) - 2*m(y). Calculate c(0).
-4
Suppose 0 = 2*w + 2*q + 10, 0*q - 2*q = 6. Let a be 0*w*2/8. Let m(j) = j**3 + j**2 - 5. What is m(a)?
-5
Let l(u) = 7*u**2 + u + 1. Let p = -65 - -64. Calculate l(p).
7
Let p(u) = -3*u - 9. Let z(k) = 4*k + 10. Let o(t) = -3*p(t) - 2*z(t). Calculate o(-6).
1
Let x(d) = -d**2 - 7*d - 1. Suppose 4*u + 0*g - 3*g + 16 = 0, 4*u - g + 24 = 0. Calculate x(u).
-1
Let b(z) = z**2 - 5*z - 4. Let u(i) = -i**2 + 4*i + 5. Let a(y) = 2*b(y) + 3*u(y). Suppose 0 = -7*r - 17 + 52. Determine a(r).
-8
Let g(f) = -f + 4. Let n be g(5). Let q = 1 + n. Let j(v) = 1 + 2 - v + q. What is j(5)?
-2
Let v(m) be the second derivative of m**5/20 + m**4/2 + 4*m**3/3 + 7*m**2/2 + 21*m. Determine v(-5).
-8
Suppose -5*z + 7 + 15 = u, -u - 3*z + 12 = 0. Let f(x) = x**3 + 2*x**2 - 4*x + 1. What is f(u)?
4
Let v(j) = -2*j**3 + 4*j**2 - j - 2. Let b be v(2). Let f(h) = h**3 + 3*h**2 - 5*h - 6. Let i be f(b). Let r(w) = w**3 + 2*w**2 + 3*w + 1. Determine r(i).
-5
Let d(q) be the first derivative of -1/3*q**3 - 4*q + 1/2*q**2 + 3. What is d(0)?
-4
Let x(q) = q**3 + 4. Let y be x(0). Let z(v) = v**2 - 3*v - 1. Calculate z(y).
3
Suppose 0 = -n - 3*n + 8. Let o(k) = -5*k - 4 + 11*k - 5*k**2 + 4*k**n. Suppose a - 16 = -3*x, 2*x + 19 = 5*x + 4*a. Calculate o(x).
1
Let d(k) = 6*k**2 + k + 1. Suppose -c - 2*z + 4 = -7, 5*c = -5*z + 35. Suppose -c*o - 2 = -o. Give d(o).
6
Suppose 2 = -3*l - 4. Let g(n) be the first derivative of -n**5/60 - n**4/24 + n**3/6 - 3*n**2/2 + 2. Let q(y) be the second derivative of g(y). Determine q(l).
-1
Let g(y) = y**3 + y - 1. Let i(b) = 7*b**3 - 5*b**2 + 9*b - 6. Let w(x) = -6*g(x) + i(x). What is w(4)?
-4
Suppose 10 = 2*u - 5*z, -4*u - u + 2*z - 17 = 0. Suppose -4*s - j = 43, -4*j = -4*s - s - 38. Let c = s - u. Let i(f) = f**3 + 5*f**2 + f + 5. Determine i(c).
0
Suppose 4*h - 2*h = 20. Let s = h - 6. Let v = -3 + s. Let z(x) = -2*x**2 + x. Determine z(v).
-1
Suppose 8 - 24 = 4*w. Let s(y) = y**2 - 4*y + 4. Let x(r) = r**2 - 3*r + 5. Let c(j) = w*s(j) + 3*x(j). Determine c(6).
5
Let h(s) = s**3 + 6*s**2 + 6*s + 5. Let z = -19 - -15. Give h(z).
13
Let q(z) = z**3 - 7*z**2 + 7*z - 2. Suppose 30 = 3*g - 3*n, 5*g - 3*n = n + 46. Give q(g).
4
Let v be (-1 - -3) + 0 + -1. Let o(m) = 4*m**2 + m - 1. Let s be o(1). Let u(l) = -v - 4*l + l + 2*l + s. Calculate u(5).
-2
Let w(y) = y**3 - 5*y**2 + 6. Let i = 20 + -14. Let d = i - 1. Give w(d).
6
Let a(d) = -3*d + 0*d - 2*d + 2*d**2 - 3*d**2 + 1. Give a(-6).
-5
Let h be ((-1)/2)/((-1)/6). Suppose -2*q = s - 7, 0*s = 2*q + 2*s - 4. Suppose -q*t + 18 = -3*c - 12, t = h*c + 18. Let g(k) = -4*k + 4. Give g(t).
-8
Suppose 5*r = 2*r. Let g(j) = j**3 - j**2 + j - 5. Give g(r).
-5
Let g(a) = -2 - 12*a**2 - a + 11*a**2 + 14*a. Let k be g(13). Let s = k - -5. Let r(h) = h**3 - 3*h**2 - 1. Give r(s).
-1
Let a(b) = b**2 - 2*b - 12. Let o be a(5). Suppose o*g + 10 = -8. Let d(f) = f**3 + 7*f**2 + 6*f - 4. Determine d(g).
-4
Let k(u) = 2*u**2 + 5*u + 13. Let w(q) = -3*q**2 - 11*q - 25. Let c(p) = 5*k(p) + 3*w(p). What is c(9)?
-1
Let n(o) = -2*o**3 + 2*o**2 + 2*o + 1. Let t be n(-1). Let q(c) be the second derivative of 3*c - 1/6*c**t + 0 + 3*c**2. Calculate q(4).
2
Let h = -161 + 157. Let d(r) = r**2 + 4*r + 3. What is d(h)?
3
Let r(s) = -4*s**3 + 12*s**2 - 29*s + 8. Let g(w) = -w**3 + 3*w**2 - 7*w + 2. Let j(n) = -9*g(n) + 2*r(n). Calculate j(3).
13
Let a(b) = -6*b + 3. Let v(h) = -h**3 + 3*h**2 + 3*h - 5. Let m be v(3). Give a(m).
-21
Let b(m) be the first derivative of -m**4/4 - m**2 + m + 2. Give b(1).
-2
Let k(g) = 4*g**2 + 2*g - 5. Let l(n) = -2*n - 1. Let o be l(-4). Let v(i) = -9*i**2 - 4*i + 11. Let c(d) = o*k(d) + 3*v(d). Calculate c(-3).
1
Let y(t) be the second derivative of -25*t**3/6 - t**2/2 + 5*t. What is y(1)?
-26
Let r(l) be the first derivative of -l**4/4 + 4*l**3/3 - l**2/2 - 2*l - 8. Calculate r(4).
-6
Let u(x) be the third derivative of -x**7/5040 - x**6/120 - x**5/15 - 2*x**2. Let r(a) be the third derivative of u(a). Let o = 0 - 0. Give r(o).
-6
Suppose 2*a = 2 + 4. Let r(f) be the third derivative of 1/12*f**4 + 0 + f**2 + 0*f - 1/6*f**a - 1/60*f**5 - 1/120*f**6. What is r(2)?
-9
Let s(u) be the second derivative of -2